{"id":20,"date":"2011-12-02T12:57:52","date_gmt":"2011-12-02T11:57:52","guid":{"rendered":"http:\/\/www.baufinanzierung-ohne-eigenkapital.info\/boek\/blog\/?page_id=20"},"modified":"2023-03-07T12:39:58","modified_gmt":"2023-03-07T11:39:58","slug":"ein-video-uber-mich","status":"publish","type":"page","link":"https:\/\/www.baufinanzierung-ohne-eigenkapital.info\/boek\/blog\/ein-video-uber-mich","title":{"rendered":"\u00dcber mich"},"content":{"rendered":"<p><span style=\"line-height: 1.6em;\">Mein Name ist Stefan Schulze und meine Kunden k\u00f6nnen sich durch meine Arbeit Ihren Traum vom eigenen Zuhause erm\u00f6glichen.<\/span><\/p>\n<p>Seit 1997 habe ich alle H\u00f6hen und Tiefen der Immobilien- und Bankenlandschaft miterlebt. Eines ist jedoch in der ganzen Zeit immer gleich geblieben: die Banken wollen am liebsten den Kunden, der eigentlich keine Finanzierung ben\u00f6tigt, weil er \u00fcber genug Einkommen und Verm\u00f6gen verf\u00fcgt.<\/p>\n<p>Daher m\u00f6chte ich den Menschen helfen, die Schwierigkeiten haben, eine Immobilienfinanzierung zu bekommen. Viele Menschen verstehen nicht, warum Sie keine Finanzierung bekommen oder was der Berater da genau erz\u00e4hlt hat. Im schlimmsten Fall sind sie von diesem Gespr\u00e4ch sogar so entmutigt, dass sie erst gar nicht weiter machen.<\/p>\n<p>Ich zeige JEDEM Interessenten den Weg in die eigenen vier W\u00e4nde. Bei manchen klappt es sofort, allen anderen zeige ich auf verst\u00e4ndliche Weise, was Sie machen m\u00fcssen, um schnellstm\u00f6glich ein eigenes Haus oder eine eigene Wohnung kaufen zu k\u00f6nnen. GARANTIERT!<\/p>\n<h1 style=\"text-align: center;\"><strong>Jetzt Email-Adresse eintragen &#8211;&gt;<\/strong><\/h1>\n<h1 style=\"text-align: center;\"><strong>und Gratis-Ratgeber herunter laden!<\/strong><\/h1>\n","protected":false},"excerpt":{"rendered":"<p>Mein Name ist Stefan Schulze und meine Kunden k\u00f6nnen sich durch meine Arbeit Ihren Traum vom eigenen Zuhause erm\u00f6glichen. Seit 1997 habe ich alle H\u00f6hen und Tiefen der Immobilien- und Bankenlandschaft miterlebt. Eines ist jedoch in der ganzen Zeit immer gleich geblieben: die Banken wollen am liebsten den Kunden, der eigentlich keine Finanzierung ben\u00f6tigt, weil&#8230;<\/p>\n","protected":false},"author":1,"featured_media":0,"parent":0,"menu_order":1,"comment_status":"open","ping_status":"open","template":"","meta":{"footnotes":""},"class_list":["post-20","page","type-page","status-publish","hentry"],"yoast_head":"<!-- This site is optimized with the Yoast SEO plugin v26.9 - https:\/\/yoast.com\/product\/yoast-seo-wordpress\/ -->\n<title>\u00dcber mich &#8211; Baufinanzierung ohne Eigenkapital<\/title>\n<meta name=\"robots\" content=\"index, follow, max-snippet:-1, max-image-preview:large, max-video-preview:-1\" \/>\n<link rel=\"canonical\" href=\"https:\/\/www.baufinanzierung-ohne-eigenkapital.info\/boek\/blog\/ein-video-uber-mich\" \/>\n<meta property=\"og:locale\" content=\"de_DE\" \/>\n<meta property=\"og:type\" content=\"article\" \/>\n<meta property=\"og:title\" content=\"\u00dcber mich &#8211; Baufinanzierung ohne Eigenkapital\" \/>\n<meta property=\"og:description\" content=\"Mein Name ist Stefan Schulze und meine Kunden k\u00f6nnen sich durch meine Arbeit Ihren Traum vom eigenen Zuhause erm\u00f6glichen. Seit 1997 habe ich alle H\u00f6hen und Tiefen der Immobilien- und Bankenlandschaft miterlebt. Eines ist jedoch in der ganzen Zeit immer gleich geblieben: die Banken wollen am liebsten den Kunden, der eigentlich keine Finanzierung ben\u00f6tigt, weil...\" \/>\n<meta property=\"og:url\" content=\"https:\/\/www.baufinanzierung-ohne-eigenkapital.info\/boek\/blog\/ein-video-uber-mich\" \/>\n<meta property=\"og:site_name\" content=\"Baufinanzierung ohne Eigenkapital\" \/>\n<meta property=\"article:publisher\" content=\"https:\/\/www.facebook.com\/baufinanzierungohneeigenkapital\/\" \/>\n<meta property=\"article:modified_time\" content=\"2023-03-07T11:39:58+00:00\" \/>\n<meta name=\"twitter:label1\" content=\"Gesch\u00e4tzte Lesezeit\" \/>\n\t<meta name=\"twitter:data1\" content=\"1\u00a0Minute\" \/>\n<script type=\"application\/ld+json\" class=\"yoast-schema-graph\">{\"@context\":\"https:\/\/schema.org\",\"@graph\":[{\"@type\":\"WebPage\",\"@id\":\"https:\/\/www.baufinanzierung-ohne-eigenkapital.info\/boek\/blog\/ein-video-uber-mich\",\"url\":\"https:\/\/www.baufinanzierung-ohne-eigenkapital.info\/boek\/blog\/ein-video-uber-mich\",\"name\":\"\u00dcber mich &#8211; Baufinanzierung ohne Eigenkapital\",\"isPartOf\":{\"@id\":\"https:\/\/www.baufinanzierung-ohne-eigenkapital.info\/boek\/blog\/#website\"},\"datePublished\":\"2011-12-02T11:57:52+00:00\",\"dateModified\":\"2023-03-07T11:39:58+00:00\",\"breadcrumb\":{\"@id\":\"https:\/\/www.baufinanzierung-ohne-eigenkapital.info\/boek\/blog\/ein-video-uber-mich#breadcrumb\"},\"inLanguage\":\"de\",\"potentialAction\":[{\"@type\":\"ReadAction\",\"target\":[\"https:\/\/www.baufinanzierung-ohne-eigenkapital.info\/boek\/blog\/ein-video-uber-mich\"]}]},{\"@type\":\"BreadcrumbList\",\"@id\":\"https:\/\/www.baufinanzierung-ohne-eigenkapital.info\/boek\/blog\/ein-video-uber-mich#breadcrumb\",\"itemListElement\":[{\"@type\":\"ListItem\",\"position\":1,\"name\":\"Home\",\"item\":\"https:\/\/www.baufinanzierung-ohne-eigenkapital.info\/boek\/blog\/\"},{\"@type\":\"ListItem\",\"position\":2,\"name\":\"\u00dcber mich\"}]},{\"@type\":\"WebSite\",\"@id\":\"https:\/\/www.baufinanzierung-ohne-eigenkapital.info\/boek\/blog\/#website\",\"url\":\"https:\/\/www.baufinanzierung-ohne-eigenkapital.info\/boek\/blog\/\",\"name\":\"Baufinanzierung ohne Eigenkapital\",\"description\":\"...auch wenn Ihre Bank bereits abgelehnt hat!\",\"publisher\":{\"@id\":\"https:\/\/www.baufinanzierung-ohne-eigenkapital.info\/boek\/blog\/#organization\"},\"potentialAction\":[{\"@type\":\"SearchAction\",\"target\":{\"@type\":\"EntryPoint\",\"urlTemplate\":\"https:\/\/www.baufinanzierung-ohne-eigenkapital.info\/boek\/blog\/?s={search_term_string}\"},\"query-input\":{\"@type\":\"PropertyValueSpecification\",\"valueRequired\":true,\"valueName\":\"search_term_string\"}}],\"inLanguage\":\"de\"},{\"@type\":\"Organization\",\"@id\":\"https:\/\/www.baufinanzierung-ohne-eigenkapital.info\/boek\/blog\/#organization\",\"name\":\"Baufinanzierung ohne Eigenkapital\",\"url\":\"https:\/\/www.baufinanzierung-ohne-eigenkapital.info\/boek\/blog\/\",\"logo\":{\"@type\":\"ImageObject\",\"inLanguage\":\"de\",\"@id\":\"https:\/\/www.baufinanzierung-ohne-eigenkapital.info\/boek\/blog\/#\/schema\/logo\/image\/\",\"url\":\"https:\/\/www.baufinanzierung-ohne-eigenkapital.info\/boek\/blog\/wp-content\/uploads\/2017\/11\/Profilbild.jpg\",\"contentUrl\":\"https:\/\/www.baufinanzierung-ohne-eigenkapital.info\/boek\/blog\/wp-content\/uploads\/2017\/11\/Profilbild.jpg\",\"width\":533,\"height\":519,\"caption\":\"Baufinanzierung ohne Eigenkapital\"},\"image\":{\"@id\":\"https:\/\/www.baufinanzierung-ohne-eigenkapital.info\/boek\/blog\/#\/schema\/logo\/image\/\"},\"sameAs\":[\"https:\/\/www.facebook.com\/baufinanzierungohneeigenkapital\/\",\"https:\/\/x.com\/StefanSchulze\",\"https:\/\/www.linkedin.com\/in\/stefanschulze\/\",\"https:\/\/www.youtube.com\/channel\/UCGPHmECv2u3NAa8yJFNPAvw\"]}]}<\/script>\n<!-- \/ Yoast SEO plugin. -->","yoast_head_json":{"title":"\u00dcber mich &#8211; Baufinanzierung ohne Eigenkapital","robots":{"index":"index","follow":"follow","max-snippet":"max-snippet:-1","max-image-preview":"max-image-preview:large","max-video-preview":"max-video-preview:-1"},"canonical":"https:\/\/www.baufinanzierung-ohne-eigenkapital.info\/boek\/blog\/ein-video-uber-mich","og_locale":"de_DE","og_type":"article","og_title":"\u00dcber mich &#8211; Baufinanzierung ohne Eigenkapital","og_description":"Mein Name ist Stefan Schulze und meine Kunden k\u00f6nnen sich durch meine Arbeit Ihren Traum vom eigenen Zuhause erm\u00f6glichen. Seit 1997 habe ich alle H\u00f6hen und Tiefen der Immobilien- und Bankenlandschaft miterlebt. Eines ist jedoch in der ganzen Zeit immer gleich geblieben: die Banken wollen am liebsten den Kunden, der eigentlich keine Finanzierung ben\u00f6tigt, weil...","og_url":"https:\/\/www.baufinanzierung-ohne-eigenkapital.info\/boek\/blog\/ein-video-uber-mich","og_site_name":"Baufinanzierung ohne Eigenkapital","article_publisher":"https:\/\/www.facebook.com\/baufinanzierungohneeigenkapital\/","article_modified_time":"2023-03-07T11:39:58+00:00","twitter_misc":{"Gesch\u00e4tzte Lesezeit":"1\u00a0Minute"},"schema":{"@context":"https:\/\/schema.org","@graph":[{"@type":"WebPage","@id":"https:\/\/www.baufinanzierung-ohne-eigenkapital.info\/boek\/blog\/ein-video-uber-mich","url":"https:\/\/www.baufinanzierung-ohne-eigenkapital.info\/boek\/blog\/ein-video-uber-mich","name":"\u00dcber mich &#8211; Baufinanzierung ohne Eigenkapital","isPartOf":{"@id":"https:\/\/www.baufinanzierung-ohne-eigenkapital.info\/boek\/blog\/#website"},"datePublished":"2011-12-02T11:57:52+00:00","dateModified":"2023-03-07T11:39:58+00:00","breadcrumb":{"@id":"https:\/\/www.baufinanzierung-ohne-eigenkapital.info\/boek\/blog\/ein-video-uber-mich#breadcrumb"},"inLanguage":"de","potentialAction":[{"@type":"ReadAction","target":["https:\/\/www.baufinanzierung-ohne-eigenkapital.info\/boek\/blog\/ein-video-uber-mich"]}]},{"@type":"BreadcrumbList","@id":"https:\/\/www.baufinanzierung-ohne-eigenkapital.info\/boek\/blog\/ein-video-uber-mich#breadcrumb","itemListElement":[{"@type":"ListItem","position":1,"name":"Home","item":"https:\/\/www.baufinanzierung-ohne-eigenkapital.info\/boek\/blog\/"},{"@type":"ListItem","position":2,"name":"\u00dcber mich"}]},{"@type":"WebSite","@id":"https:\/\/www.baufinanzierung-ohne-eigenkapital.info\/boek\/blog\/#website","url":"https:\/\/www.baufinanzierung-ohne-eigenkapital.info\/boek\/blog\/","name":"Baufinanzierung ohne Eigenkapital","description":"...auch wenn Ihre Bank bereits abgelehnt hat!","publisher":{"@id":"https:\/\/www.baufinanzierung-ohne-eigenkapital.info\/boek\/blog\/#organization"},"potentialAction":[{"@type":"SearchAction","target":{"@type":"EntryPoint","urlTemplate":"https:\/\/www.baufinanzierung-ohne-eigenkapital.info\/boek\/blog\/?s={search_term_string}"},"query-input":{"@type":"PropertyValueSpecification","valueRequired":true,"valueName":"search_term_string"}}],"inLanguage":"de"},{"@type":"Organization","@id":"https:\/\/www.baufinanzierung-ohne-eigenkapital.info\/boek\/blog\/#organization","name":"Baufinanzierung ohne Eigenkapital","url":"https:\/\/www.baufinanzierung-ohne-eigenkapital.info\/boek\/blog\/","logo":{"@type":"ImageObject","inLanguage":"de","@id":"https:\/\/www.baufinanzierung-ohne-eigenkapital.info\/boek\/blog\/#\/schema\/logo\/image\/","url":"https:\/\/www.baufinanzierung-ohne-eigenkapital.info\/boek\/blog\/wp-content\/uploads\/2017\/11\/Profilbild.jpg","contentUrl":"https:\/\/www.baufinanzierung-ohne-eigenkapital.info\/boek\/blog\/wp-content\/uploads\/2017\/11\/Profilbild.jpg","width":533,"height":519,"caption":"Baufinanzierung ohne Eigenkapital"},"image":{"@id":"https:\/\/www.baufinanzierung-ohne-eigenkapital.info\/boek\/blog\/#\/schema\/logo\/image\/"},"sameAs":["https:\/\/www.facebook.com\/baufinanzierungohneeigenkapital\/","https:\/\/x.com\/StefanSchulze","https:\/\/www.linkedin.com\/in\/stefanschulze\/","https:\/\/www.youtube.com\/channel\/UCGPHmECv2u3NAa8yJFNPAvw"]}]}},"amp_enabled":true,"_links":{"self":[{"href":"https:\/\/www.baufinanzierung-ohne-eigenkapital.info\/boek\/blog\/wp-json\/wp\/v2\/pages\/20","targetHints":{"allow":["GET"]}}],"collection":[{"href":"https:\/\/www.baufinanzierung-ohne-eigenkapital.info\/boek\/blog\/wp-json\/wp\/v2\/pages"}],"about":[{"href":"https:\/\/www.baufinanzierung-ohne-eigenkapital.info\/boek\/blog\/wp-json\/wp\/v2\/types\/page"}],"author":[{"embeddable":true,"href":"https:\/\/www.baufinanzierung-ohne-eigenkapital.info\/boek\/blog\/wp-json\/wp\/v2\/users\/1"}],"replies":[{"embeddable":true,"href":"https:\/\/www.baufinanzierung-ohne-eigenkapital.info\/boek\/blog\/wp-json\/wp\/v2\/comments?post=20"}],"version-history":[{"count":30,"href":"https:\/\/www.baufinanzierung-ohne-eigenkapital.info\/boek\/blog\/wp-json\/wp\/v2\/pages\/20\/revisions"}],"predecessor-version":[{"id":1329,"href":"https:\/\/www.baufinanzierung-ohne-eigenkapital.info\/boek\/blog\/wp-json\/wp\/v2\/pages\/20\/revisions\/1329"}],"wp:attachment":[{"href":"https:\/\/www.baufinanzierung-ohne-eigenkapital.info\/boek\/blog\/wp-json\/wp\/v2\/media?parent=20"}],"curies":[{"name":"wp","href":"https:\/\/api.w.org\/{rel}","templated":true}]}}