{"id":156,"date":"2014-07-14T21:00:50","date_gmt":"2014-07-14T19:00:50","guid":{"rendered":"http:\/\/www.baufinanzierung-ohne-eigenkapital.info\/boek\/blog\/?page_id=156"},"modified":"2023-11-11T22:20:28","modified_gmt":"2023-11-11T21:20:28","slug":"loesungen","status":"publish","type":"page","link":"https:\/\/www.baufinanzierung-ohne-eigenkapital.info\/boek\/blog\/loesungen","title":{"rendered":"Starten Sie hier!"},"content":{"rendered":"<p>\u00a0<\/p>\n<center><iframe loading=\"lazy\" src=\"https:\/\/www.youtube.com\/embed\/hUnWgHsIJxY?autoplay=1\" width=\"560\" height=\"315\" frameborder=\"0\" allowfullscreen=\"allowfullscreen\"><\/iframe><\/center>\n<p><script><\/p>\n<p style=\"text-align: center;\"><strong>Wenn Sie die wenigen Angaben in die Felder eingeben, bekommen Sie eine Best\u00e4tigung per Email,&nbsp;die Sie zu Ihrem Ergebnis weiter leitet. Schauen Sie in Ihr Email-Postfach<\/strong><\/p>\n<p style=\"text-align: center;\"><strong>Also: JETZT DATEN EINGEBEN, ABSENDEN KLICKEN, EMAIL-POSTFACH CHECKEN!<\/strong><\/p>\n<h1 style=\"text-align: center;\">Diese 7 anonymen Angaben reichen aus, um Ihre&nbsp;Chancen auf eine Baufinanzierung ohne Eigenkapital zu \u00fcberpr\u00fcfen!<\/h1>\n<p><strong>Online-Immobilienbewertung in 5 Minuten:<\/strong><\/p>\n<p><a href=\"http:\/\/www.immobilienwert24.com\/dbxWebApp.php\/design\/partnerframe\/lnd\/de\/fremdid\/1117\" target=\"_blank\" rel=\"noopener noreferrer\"><img loading=\"lazy\" decoding=\"async\" class=\"alignnone size-full wp-image-323\" src=\"http:\/\/www.baufinanzierung-ohne-eigenkapital.info\/boek\/blog\/wp-content\/uploads\/2015\/01\/verkehrswert_ermitteln.png\" alt=\"verkehrswert_ermitteln\" width=\"278\" height=\"83\"><\/a><\/p>\n<p><strong>Bitte auf das Logo klicken!<\/strong><\/p>\n<p>Zur Berechnung verschiedener Finanzierungsl\u00f6sungen, einfach auf diesen Link klicken:<\/p>\n<h1><a href=\"http:\/\/www.zinsen-berechnen.de\/hypothekenrechner.php\">Hypothekenrechner<\/a><\/h1>\n<p style=\"margin: 0px 0px 10px; padding: 0px; border-collapse: collapse; color: #222222; font-family: Arial, Helvetica, sans-serif; line-height: 19px;\">Der Hypothekenrechner erlaubt vielf\u00e4ltige Berechnungen f\u00fcr Hypothekendarlehen und andere Annuit\u00e4tendarlehen.<\/p>\n<p style=\"margin: 0px 0px 10px; padding: 0px; border-collapse: collapse; color: #222222; font-family: Arial, Helvetica, sans-serif; line-height: 19px;\">Der Onlinerechner ermittelt anhand der Eingabedaten wahlweise den Darlehensbetrag, die Ratenh\u00f6he, den Zinssatz, die anf\u00e4ngliche Tilgung, die Laufzeit, die verbleibende Restschuld oder die j\u00e4hrliche Sondertilgung.<\/p>\n<p style=\"margin: 0px 0px 10px; padding: 0px; border-collapse: collapse; color: #222222; font-family: Arial, Helvetica, sans-serif; line-height: 19px;\">Aus der Liste der Eingabeparameter sind zwei Gr\u00f6\u00dfen zu w\u00e4hlen, die berechnet werden sollen. Alle \u00fcbrigen Kennzahlen sind vorzugeben. Dadurch erlaubt der Rechner sehr flexible Berechnungen.<\/p>\n<p style=\"margin: 0px 0px 10px; padding: 0px; border-collapse: collapse; color: #222222; font-family: Arial, Helvetica, sans-serif; line-height: 19px;\">Die H\u00e4ufigkeit der Ratenzahlung kann zwischen monatlich, viertelj\u00e4hrlich, halbj\u00e4hrlich und j\u00e4hrlich gew\u00e4hlt werden, wobei Zahlungen immer nachsch\u00fcssig angenommen werden.<\/p>\n<p style=\"margin: 0px 0px 10px; padding: 0px; border-collapse: collapse; color: #222222; font-family: Arial, Helvetica, sans-serif; line-height: 19px;\">Die H\u00f6he der Raten wird dabei \u00fcber die gesamte Laufzeit konstant gehalten, so dass der enthaltene Tilgungsanteil im Laufe der Zeit steigt und der Zinsanteil entsprechend sinkt.<\/p>\n<p style=\"margin: 0px 0px 10px; padding: 0px; border-collapse: collapse; color: #222222; font-family: Arial, Helvetica, sans-serif; line-height: 19px;\">Zus\u00e4tzlich erlaubt der Hypothekenrechner neben j\u00e4hrlichen Sondertilgungen, die jeweils zum Ende jeden Jahres geleistet werden, auch individuelle Sondertilgungen in unterschiedlicher H\u00f6he in beliebigen Monaten.<\/p>\n<p style=\"margin: 0px 0px 10px; padding: 0px; border-collapse: collapse; color: #222222; font-family: Arial, Helvetica, sans-serif; line-height: 19px;\">Aus den Daten wird zudem ein detaillierter Tilgungsplan erstellt, in dem alle Zahlungen f\u00fcr Zins und Tilgung sowie Sondertilgungen \u00fcbersichtlich dargestellt werden. Der Tilgungsplan zeigt dazu wahlweise auf Jahres- oder Monatsbasis den Verlauf des Schuldenstands und der Zahlungen an.<\/p>\n<p style=\"margin: 0px 0px 10px; padding: 0px; border-collapse: collapse; color: #222222; font-family: Arial, Helvetica, sans-serif; line-height: 19px;\">F\u00fcr jedes Jahr bzw. jeden Monat wird der jeweils alte Schuldenstand, die Ratenzahlung mit den Anteilen f\u00fcr Zinsen und Tilgung sowie der neue Schuldenstand genannt.<\/p>\n<p style=\"margin: 0px 0px 10px; padding: 0px; border-collapse: collapse; color: #222222; font-family: Arial, Helvetica, sans-serif; line-height: 19px;\">Dar\u00fcber hinaus wird der effektive Jahreszins (interner Zinsfu\u00df) berechnet, der als wichtige Vergleichgr\u00f6\u00dfe f\u00fcr verschiedene Darlehensangebote von Bedeutung ist.<\/p>\n<p style=\"margin: 0px 0px 10px; padding: 0px; border-collapse: collapse; color: #222222; font-family: Arial, Helvetica, sans-serif; line-height: 19px;\">Auch eine Abschlussgeb\u00fchr f\u00fcr das Darlehen kann ber\u00fccksichtigt werden, welche wahlweise bei Darlehensauszahlung separat zu zahlen ist oder in die R\u00fcckzahlungsrate eingerechnet werden kann. Ebenso kann ein prozentuales Disagio mit in die Berechnung einbezogen werden. Beides hat direkt Einfluss auf den effektiven Jahreszinssatz.<\/p>\n<p style=\"margin: 0px 0px 10px; padding: 0px; border-collapse: collapse; color: #222222; font-family: Arial, Helvetica, sans-serif; line-height: 19px;\">Zudem erm\u00f6glicht der Hypothekenrechner eine anf\u00e4ngliche tilgungsfreie Zeit zu ber\u00fccksichtigen, in der die Ratenzahlungen zun\u00e4chst ausgesetzt sind. Hierf\u00fcr anfallende Zinsen f\u00fchren wahlweise zu einer Erh\u00f6hung der Anfangsschuld und damit zur Einrechnung in die R\u00fcckzahlungsrate oder sind separat zu entrichten.<\/p>\n<p style=\"margin: 0px 0px 10px; padding: 0px; border-collapse: collapse; color: #222222; font-family: Arial, Helvetica, sans-serif; line-height: 19px;\">Verbleibt zum Ende der Zinsbindungsfrist noch eine Restschuld bestehen, erlaut der Hypothekenrechner die Berechnung einer optionalen Anschlussfinanzierung bis zur kompletten Tilgung des Darlehens mit gleicher Ratenh\u00f6he, aber abweichendem Sollzinssatz.<\/p>\n<p><\/script><\/p>\n<p>\u00a0<\/p>\n\n\n<div class=\"wp-block-zoho-zoho-forms\"><iframe loading=\"lazy\" height=\"1000px\" width=\"100%\" frameborder=\"0\" allowTransparency=\"true\" scrolling=\"auto\" src=\"https:\/\/forms.zohopublic.eu\/baufiohneek\/form\/Quickcheck\/formperma\/fvY35vJw6CGU00kgMm8HYnJpGuyzJDlDjXmhUCcR1X0\"> <\/iframe><\/div>\n\n\n\n<p>Wenn Sie auf den Button &#8220;Quickcheck berechnen und Absenden&#8221; geklickt haben, werden Sie auf eine Webseite weiter geleitet, auf der ein weiteres Info-Video auf Sie wartet. Seien Sie gespannt&#8230;<\/p>\n\n\n\n<p>Darin verrate ich Ihnen, wie Sie schnellstm\u00f6glich an Ihre Darlehenszusage kommen, damit Sie Ihre Wunschimmobilie dann auch endlich kaufen k\u00f6nnen.<\/p>\n\n\n\n<p>So habe ich es bei diesen Kunden bereits geschafft, den Traum vom Eigenheim zu verwirklichen:<\/p>\n\n\n\n<figure class=\"wp-block-embed is-type-wp-embed is-provider-baufinanzierung-ohne-eigenkapital wp-block-embed-baufinanzierung-ohne-eigenkapital\"><div class=\"wp-block-embed__wrapper\">\n<blockquote class=\"wp-embedded-content\" data-secret=\"D3LlkbQBoG\"><a href=\"https:\/\/www.baufinanzierung-ohne-eigenkapital.info\/boek\/blog\/meinungen\">Kunden-Erfolge<\/a><\/blockquote><iframe loading=\"lazy\" class=\"wp-embedded-content\" sandbox=\"allow-scripts\" security=\"restricted\" style=\"position: absolute; clip: rect(1px, 1px, 1px, 1px);\" title=\"&#8222;Kunden-Erfolge&#8220; &#8212; Baufinanzierung ohne Eigenkapital\" src=\"https:\/\/www.baufinanzierung-ohne-eigenkapital.info\/boek\/blog\/meinungen\/embed#?secret=DQvHhvkI2c#?secret=D3LlkbQBoG\" data-secret=\"D3LlkbQBoG\" width=\"600\" height=\"338\" frameborder=\"0\" marginwidth=\"0\" marginheight=\"0\" scrolling=\"no\"><\/iframe>\n<\/div><\/figure>\n\n\n\n<p>Auch ich hasse Spam: ich werde Ihre Daten gem\u00e4\u00df Datenschutzgrundverordnung sicher aufbewahren!<\/p>\n","protected":false},"excerpt":{"rendered":"<p>\u00a0 \u00a0 Wenn Sie auf den Button &#8220;Quickcheck berechnen und Absenden&#8221; geklickt haben, werden Sie auf eine Webseite weiter geleitet, auf der ein weiteres Info-Video auf Sie wartet. Seien Sie gespannt&#8230; Darin verrate ich Ihnen, wie Sie schnellstm\u00f6glich an Ihre Darlehenszusage kommen, damit Sie Ihre Wunschimmobilie dann auch endlich kaufen k\u00f6nnen. So habe ich es&#8230;<\/p>\n","protected":false},"author":1,"featured_media":0,"parent":0,"menu_order":0,"comment_status":"open","ping_status":"open","template":"","meta":{"footnotes":""},"class_list":["post-156","page","type-page","status-publish","hentry"],"yoast_head":"<!-- This site is optimized with the Yoast SEO plugin v26.9 - https:\/\/yoast.com\/product\/yoast-seo-wordpress\/ -->\n<title>Starten Sie hier! &#8211; Baufinanzierung ohne Eigenkapital<\/title>\n<meta name=\"robots\" content=\"index, follow, max-snippet:-1, max-image-preview:large, max-video-preview:-1\" \/>\n<link rel=\"canonical\" href=\"https:\/\/www.baufinanzierung-ohne-eigenkapital.info\/boek\/blog\/loesungen\" \/>\n<meta property=\"og:locale\" content=\"de_DE\" \/>\n<meta property=\"og:type\" content=\"article\" \/>\n<meta property=\"og:title\" content=\"Starten Sie hier! &#8211; Baufinanzierung ohne Eigenkapital\" \/>\n<meta property=\"og:description\" content=\"\u00a0 \u00a0 Wenn Sie auf den Button &#8220;Quickcheck berechnen und Absenden&#8221; geklickt haben, werden Sie auf eine Webseite weiter geleitet, auf der ein weiteres Info-Video auf Sie wartet. Seien Sie gespannt&#8230; Darin verrate ich Ihnen, wie Sie schnellstm\u00f6glich an Ihre Darlehenszusage kommen, damit Sie Ihre Wunschimmobilie dann auch endlich kaufen k\u00f6nnen. So habe ich es...\" \/>\n<meta property=\"og:url\" content=\"https:\/\/www.baufinanzierung-ohne-eigenkapital.info\/boek\/blog\/loesungen\" \/>\n<meta property=\"og:site_name\" content=\"Baufinanzierung ohne Eigenkapital\" \/>\n<meta property=\"article:publisher\" content=\"https:\/\/www.facebook.com\/baufinanzierungohneeigenkapital\/\" \/>\n<meta property=\"article:modified_time\" content=\"2023-11-11T21:20:28+00:00\" \/>\n<meta property=\"og:image\" content=\"http:\/\/www.baufinanzierung-ohne-eigenkapital.info\/boek\/blog\/wp-content\/uploads\/2015\/01\/verkehrswert_ermitteln.png\" \/>\n<meta name=\"twitter:label1\" content=\"Gesch\u00e4tzte Lesezeit\" \/>\n\t<meta name=\"twitter:data1\" content=\"3\u00a0Minuten\" \/>\n<script type=\"application\/ld+json\" class=\"yoast-schema-graph\">{\"@context\":\"https:\/\/schema.org\",\"@graph\":[{\"@type\":\"WebPage\",\"@id\":\"https:\/\/www.baufinanzierung-ohne-eigenkapital.info\/boek\/blog\/loesungen\",\"url\":\"https:\/\/www.baufinanzierung-ohne-eigenkapital.info\/boek\/blog\/loesungen\",\"name\":\"Starten Sie hier! &#8211; Baufinanzierung ohne Eigenkapital\",\"isPartOf\":{\"@id\":\"https:\/\/www.baufinanzierung-ohne-eigenkapital.info\/boek\/blog\/#website\"},\"primaryImageOfPage\":{\"@id\":\"https:\/\/www.baufinanzierung-ohne-eigenkapital.info\/boek\/blog\/loesungen#primaryimage\"},\"image\":{\"@id\":\"https:\/\/www.baufinanzierung-ohne-eigenkapital.info\/boek\/blog\/loesungen#primaryimage\"},\"thumbnailUrl\":\"http:\/\/www.baufinanzierung-ohne-eigenkapital.info\/boek\/blog\/wp-content\/uploads\/2015\/01\/verkehrswert_ermitteln.png\",\"datePublished\":\"2014-07-14T19:00:50+00:00\",\"dateModified\":\"2023-11-11T21:20:28+00:00\",\"breadcrumb\":{\"@id\":\"https:\/\/www.baufinanzierung-ohne-eigenkapital.info\/boek\/blog\/loesungen#breadcrumb\"},\"inLanguage\":\"de\",\"potentialAction\":[{\"@type\":\"ReadAction\",\"target\":[\"https:\/\/www.baufinanzierung-ohne-eigenkapital.info\/boek\/blog\/loesungen\"]}]},{\"@type\":\"ImageObject\",\"inLanguage\":\"de\",\"@id\":\"https:\/\/www.baufinanzierung-ohne-eigenkapital.info\/boek\/blog\/loesungen#primaryimage\",\"url\":\"http:\/\/www.baufinanzierung-ohne-eigenkapital.info\/boek\/blog\/wp-content\/uploads\/2015\/01\/verkehrswert_ermitteln.png\",\"contentUrl\":\"http:\/\/www.baufinanzierung-ohne-eigenkapital.info\/boek\/blog\/wp-content\/uploads\/2015\/01\/verkehrswert_ermitteln.png\"},{\"@type\":\"BreadcrumbList\",\"@id\":\"https:\/\/www.baufinanzierung-ohne-eigenkapital.info\/boek\/blog\/loesungen#breadcrumb\",\"itemListElement\":[{\"@type\":\"ListItem\",\"position\":1,\"name\":\"Home\",\"item\":\"https:\/\/www.baufinanzierung-ohne-eigenkapital.info\/boek\/blog\/\"},{\"@type\":\"ListItem\",\"position\":2,\"name\":\"Starten Sie hier!\"}]},{\"@type\":\"WebSite\",\"@id\":\"https:\/\/www.baufinanzierung-ohne-eigenkapital.info\/boek\/blog\/#website\",\"url\":\"https:\/\/www.baufinanzierung-ohne-eigenkapital.info\/boek\/blog\/\",\"name\":\"Baufinanzierung ohne Eigenkapital\",\"description\":\"...auch wenn Ihre Bank bereits abgelehnt hat!\",\"publisher\":{\"@id\":\"https:\/\/www.baufinanzierung-ohne-eigenkapital.info\/boek\/blog\/#organization\"},\"potentialAction\":[{\"@type\":\"SearchAction\",\"target\":{\"@type\":\"EntryPoint\",\"urlTemplate\":\"https:\/\/www.baufinanzierung-ohne-eigenkapital.info\/boek\/blog\/?s={search_term_string}\"},\"query-input\":{\"@type\":\"PropertyValueSpecification\",\"valueRequired\":true,\"valueName\":\"search_term_string\"}}],\"inLanguage\":\"de\"},{\"@type\":\"Organization\",\"@id\":\"https:\/\/www.baufinanzierung-ohne-eigenkapital.info\/boek\/blog\/#organization\",\"name\":\"Baufinanzierung ohne Eigenkapital\",\"url\":\"https:\/\/www.baufinanzierung-ohne-eigenkapital.info\/boek\/blog\/\",\"logo\":{\"@type\":\"ImageObject\",\"inLanguage\":\"de\",\"@id\":\"https:\/\/www.baufinanzierung-ohne-eigenkapital.info\/boek\/blog\/#\/schema\/logo\/image\/\",\"url\":\"https:\/\/www.baufinanzierung-ohne-eigenkapital.info\/boek\/blog\/wp-content\/uploads\/2017\/11\/Profilbild.jpg\",\"contentUrl\":\"https:\/\/www.baufinanzierung-ohne-eigenkapital.info\/boek\/blog\/wp-content\/uploads\/2017\/11\/Profilbild.jpg\",\"width\":533,\"height\":519,\"caption\":\"Baufinanzierung ohne Eigenkapital\"},\"image\":{\"@id\":\"https:\/\/www.baufinanzierung-ohne-eigenkapital.info\/boek\/blog\/#\/schema\/logo\/image\/\"},\"sameAs\":[\"https:\/\/www.facebook.com\/baufinanzierungohneeigenkapital\/\",\"https:\/\/x.com\/StefanSchulze\",\"https:\/\/www.linkedin.com\/in\/stefanschulze\/\",\"https:\/\/www.youtube.com\/channel\/UCGPHmECv2u3NAa8yJFNPAvw\"]}]}<\/script>\n<!-- \/ Yoast SEO plugin. -->","yoast_head_json":{"title":"Starten Sie hier! &#8211; Baufinanzierung ohne Eigenkapital","robots":{"index":"index","follow":"follow","max-snippet":"max-snippet:-1","max-image-preview":"max-image-preview:large","max-video-preview":"max-video-preview:-1"},"canonical":"https:\/\/www.baufinanzierung-ohne-eigenkapital.info\/boek\/blog\/loesungen","og_locale":"de_DE","og_type":"article","og_title":"Starten Sie hier! &#8211; Baufinanzierung ohne Eigenkapital","og_description":"\u00a0 \u00a0 Wenn Sie auf den Button &#8220;Quickcheck berechnen und Absenden&#8221; geklickt haben, werden Sie auf eine Webseite weiter geleitet, auf der ein weiteres Info-Video auf Sie wartet. Seien Sie gespannt&#8230; Darin verrate ich Ihnen, wie Sie schnellstm\u00f6glich an Ihre Darlehenszusage kommen, damit Sie Ihre Wunschimmobilie dann auch endlich kaufen k\u00f6nnen. So habe ich es...","og_url":"https:\/\/www.baufinanzierung-ohne-eigenkapital.info\/boek\/blog\/loesungen","og_site_name":"Baufinanzierung ohne Eigenkapital","article_publisher":"https:\/\/www.facebook.com\/baufinanzierungohneeigenkapital\/","article_modified_time":"2023-11-11T21:20:28+00:00","og_image":[{"url":"http:\/\/www.baufinanzierung-ohne-eigenkapital.info\/boek\/blog\/wp-content\/uploads\/2015\/01\/verkehrswert_ermitteln.png","type":"","width":"","height":""}],"twitter_misc":{"Gesch\u00e4tzte Lesezeit":"3\u00a0Minuten"},"schema":{"@context":"https:\/\/schema.org","@graph":[{"@type":"WebPage","@id":"https:\/\/www.baufinanzierung-ohne-eigenkapital.info\/boek\/blog\/loesungen","url":"https:\/\/www.baufinanzierung-ohne-eigenkapital.info\/boek\/blog\/loesungen","name":"Starten Sie hier! &#8211; Baufinanzierung ohne Eigenkapital","isPartOf":{"@id":"https:\/\/www.baufinanzierung-ohne-eigenkapital.info\/boek\/blog\/#website"},"primaryImageOfPage":{"@id":"https:\/\/www.baufinanzierung-ohne-eigenkapital.info\/boek\/blog\/loesungen#primaryimage"},"image":{"@id":"https:\/\/www.baufinanzierung-ohne-eigenkapital.info\/boek\/blog\/loesungen#primaryimage"},"thumbnailUrl":"http:\/\/www.baufinanzierung-ohne-eigenkapital.info\/boek\/blog\/wp-content\/uploads\/2015\/01\/verkehrswert_ermitteln.png","datePublished":"2014-07-14T19:00:50+00:00","dateModified":"2023-11-11T21:20:28+00:00","breadcrumb":{"@id":"https:\/\/www.baufinanzierung-ohne-eigenkapital.info\/boek\/blog\/loesungen#breadcrumb"},"inLanguage":"de","potentialAction":[{"@type":"ReadAction","target":["https:\/\/www.baufinanzierung-ohne-eigenkapital.info\/boek\/blog\/loesungen"]}]},{"@type":"ImageObject","inLanguage":"de","@id":"https:\/\/www.baufinanzierung-ohne-eigenkapital.info\/boek\/blog\/loesungen#primaryimage","url":"http:\/\/www.baufinanzierung-ohne-eigenkapital.info\/boek\/blog\/wp-content\/uploads\/2015\/01\/verkehrswert_ermitteln.png","contentUrl":"http:\/\/www.baufinanzierung-ohne-eigenkapital.info\/boek\/blog\/wp-content\/uploads\/2015\/01\/verkehrswert_ermitteln.png"},{"@type":"BreadcrumbList","@id":"https:\/\/www.baufinanzierung-ohne-eigenkapital.info\/boek\/blog\/loesungen#breadcrumb","itemListElement":[{"@type":"ListItem","position":1,"name":"Home","item":"https:\/\/www.baufinanzierung-ohne-eigenkapital.info\/boek\/blog\/"},{"@type":"ListItem","position":2,"name":"Starten Sie hier!"}]},{"@type":"WebSite","@id":"https:\/\/www.baufinanzierung-ohne-eigenkapital.info\/boek\/blog\/#website","url":"https:\/\/www.baufinanzierung-ohne-eigenkapital.info\/boek\/blog\/","name":"Baufinanzierung ohne Eigenkapital","description":"...auch wenn Ihre Bank bereits abgelehnt hat!","publisher":{"@id":"https:\/\/www.baufinanzierung-ohne-eigenkapital.info\/boek\/blog\/#organization"},"potentialAction":[{"@type":"SearchAction","target":{"@type":"EntryPoint","urlTemplate":"https:\/\/www.baufinanzierung-ohne-eigenkapital.info\/boek\/blog\/?s={search_term_string}"},"query-input":{"@type":"PropertyValueSpecification","valueRequired":true,"valueName":"search_term_string"}}],"inLanguage":"de"},{"@type":"Organization","@id":"https:\/\/www.baufinanzierung-ohne-eigenkapital.info\/boek\/blog\/#organization","name":"Baufinanzierung ohne Eigenkapital","url":"https:\/\/www.baufinanzierung-ohne-eigenkapital.info\/boek\/blog\/","logo":{"@type":"ImageObject","inLanguage":"de","@id":"https:\/\/www.baufinanzierung-ohne-eigenkapital.info\/boek\/blog\/#\/schema\/logo\/image\/","url":"https:\/\/www.baufinanzierung-ohne-eigenkapital.info\/boek\/blog\/wp-content\/uploads\/2017\/11\/Profilbild.jpg","contentUrl":"https:\/\/www.baufinanzierung-ohne-eigenkapital.info\/boek\/blog\/wp-content\/uploads\/2017\/11\/Profilbild.jpg","width":533,"height":519,"caption":"Baufinanzierung ohne Eigenkapital"},"image":{"@id":"https:\/\/www.baufinanzierung-ohne-eigenkapital.info\/boek\/blog\/#\/schema\/logo\/image\/"},"sameAs":["https:\/\/www.facebook.com\/baufinanzierungohneeigenkapital\/","https:\/\/x.com\/StefanSchulze","https:\/\/www.linkedin.com\/in\/stefanschulze\/","https:\/\/www.youtube.com\/channel\/UCGPHmECv2u3NAa8yJFNPAvw"]}]}},"amp_enabled":true,"_links":{"self":[{"href":"https:\/\/www.baufinanzierung-ohne-eigenkapital.info\/boek\/blog\/wp-json\/wp\/v2\/pages\/156","targetHints":{"allow":["GET"]}}],"collection":[{"href":"https:\/\/www.baufinanzierung-ohne-eigenkapital.info\/boek\/blog\/wp-json\/wp\/v2\/pages"}],"about":[{"href":"https:\/\/www.baufinanzierung-ohne-eigenkapital.info\/boek\/blog\/wp-json\/wp\/v2\/types\/page"}],"author":[{"embeddable":true,"href":"https:\/\/www.baufinanzierung-ohne-eigenkapital.info\/boek\/blog\/wp-json\/wp\/v2\/users\/1"}],"replies":[{"embeddable":true,"href":"https:\/\/www.baufinanzierung-ohne-eigenkapital.info\/boek\/blog\/wp-json\/wp\/v2\/comments?post=156"}],"version-history":[{"count":40,"href":"https:\/\/www.baufinanzierung-ohne-eigenkapital.info\/boek\/blog\/wp-json\/wp\/v2\/pages\/156\/revisions"}],"predecessor-version":[{"id":1355,"href":"https:\/\/www.baufinanzierung-ohne-eigenkapital.info\/boek\/blog\/wp-json\/wp\/v2\/pages\/156\/revisions\/1355"}],"wp:attachment":[{"href":"https:\/\/www.baufinanzierung-ohne-eigenkapital.info\/boek\/blog\/wp-json\/wp\/v2\/media?parent=156"}],"curies":[{"name":"wp","href":"https:\/\/api.w.org\/{rel}","templated":true}]}}